*c - c, -5*y + 110 = -c. What are the prime factors of y?
23
Let j be 32/(6 - 2) - 0. Let m(k) = 5*k + 16. Let l be m(j). Suppose -4*y + l = 4*x, x = 2*y - 0*y + 26. List the prime factors of x.
2, 3
Suppose 3*i + 13 = 28. Suppose 2*h = -w - 2*w + 880, i*h + 1500 = 5*w. List the prime factors of w.
2, 37
Let b(z) = -z - 5. Let r be b(-3). List the prime factors of -3*r*236/24.
59
Let r(c) = -c**2 - 4*c + 725. Let w be r(0). Suppose 0 = 5*y - 8*s + 3*s - 725, -5*y - 4*s = -w. List the prime factors of y.
5, 29
List the prime factors of (1 - -1 - (3 - 3)) + 331.
3, 37
Suppose 43*i + 17*i = 23640. What are the prime factors of i?
2, 197
What are the prime factors of 284*6/(5/(50/15))?
2, 71
Let d(f) = -f - 5. Let b be d(-9). Suppose b*c = -5*q + 2*c + 145, 0 = 3*q - 4*c - 113. What are the prime factors of q?
31
Suppose 2*y = 3*o + 2*o - 460, 0 = -5*o + y + 455. Let d = o + -29. What are the prime factors of d?
61
Let t(h) = -3*h + 4 + 7*h - 7*h. List the prime factors of t(-20).
2
Suppose 3*w = 3*a + a - 2142, 5*a + 3*w - 2664 = 0. List the prime factors of 2 + (a/3 - -1).
181
Let y = -87 - -336. Let l = -141 + y. What are the prime factors of l?
2, 3
Let r = 64 - 62. Suppose -3*x + u = -499, r*u - 833 = -5*x + 5*u. What are the prime factors of x?
2, 83
Let l(u) = u**2 + 12*u - 8. Let r be l(-11). Let m = r - -16. List the prime factors of 1/(0 + m/(-114)).
2, 19
Suppose 4*a - 1105 = -w, -19*w + 24*w - 4*a - 5405 = 0. List the prime factors of w.
5, 7, 31
Let j = -1707 - -5212. List the prime factors of j.
5, 701
Suppose 6*s + 0*s = 1350. List the prime factors of s.
3, 5
Let b(v) = -75*v - 28. List the prime factors of b(-21).
7, 13, 17
What are the prime factors of (2782 - (6 + 2)) + 6?
2, 5, 139
Let m(z) = -110*z**3 - 24*z - 67. List the prime factors of m(-3).
5, 7, 17
Let k = 114 - -78. Let g = 382 - k. List the prime factors of g.
2, 5, 19
Suppose -s + 34 - 13 = 0. Suppose -s*d + 23*d = 0. Suppose d = 4*p + 5*t - 261 + 47, 0 = 5*p + 2*t - 259. What are the prime factors of p?
3, 17
Suppose 0 = -8*k + 295 - 1751. Let f = 265 + k. What are the prime factors of f?
83
Let y = -17 - -21. Suppose -4*u - 3*h = -374, y*u - 388 = 6*h - 2*h. List the prime factors of u.
5, 19
Suppose -j - 261 = -1481. List the prime factors of j.
2, 5, 61
Let x(l) = 3 + 2*l**2 + 1 - 6*l - l**2 + 3. Let q be x(5). Suppose q*c - 52 = -2*m - 2*c, -4*m - 3*c + 89 = 0. What are the prime factors of m?
2, 5
Let g = 2710 - 1670. Suppose 535 = 5*y - g. What are the prime factors of y?
3, 5, 7
What are the prime factors of (-4)/14 + 12933/63?
5, 41
Let o(i) = -2*i**3 - i**2 + i + 725. What are the prime factors of o(0)?
5, 29
Suppose 17 = 3*m - 7. Suppose 0 = -g, -4*n + g + g + m = 0. What are the prime factors of n?
2
Suppose -7*t + 217 = -693. Suppose 2*a + 304 = 4*m, 4*m - 2*a = -6*a + 328. Let j = t - m. What are the prime factors of j?
2, 13
Let t(i) = 100*i - 33. List the prime factors of t(3).
3, 89
Suppose -15 + 53 = 4*o - 2*j, -2*j = 5*o - 43. Suppose -14*t + 155 = -o*t. List the prime factors of t.
31
Let n = -18 + 18. Let z be -3 + 4 + n + 8. Suppose d + 30 - z = 2*m, -4*m - 5*d = -63. List the prime factors of m.
2, 3
Let k = 898 + 588. List the prime factors of k.
2, 743
Let y(l) = l**3 + 69*l**2 + 88*l - 132. What are the prime factors of y(-67)?
2, 5, 59
Suppose 8*y + 4006 = 5*v + 5*y, 0 = -3*v - 5*y + 2424. List the prime factors of v.
11, 73
Let l(z) = z**3 + 13*z**2 - 6*z + 13. Let w be (-6)/9*(4 - 93/(-6)). What are the prime factors of l(w)?
7, 13
Let b(q) = -54*q**3 - q**2 + 2*q + 12. List the prime factors of b(-3).
3, 5, 97
Let b(o) = 2*o**2 - 51*o - 1. Let f(t) = t**3 - 5*t**2 + 2*t - 19. Let c be f(6). What are the prime factors of b(c)?
2, 101
Let s(g) = 14294*g**2 - 9*g - 17. Let p be s(-3). List the prime factors of p/774 - 2/(-27)*-3.
2, 83
Let b(v) = 36*v**2 - v - 2. Let w be b(-1). Let n = w + -8. Suppose 48 = 3*o - n. What are the prime factors of o?
5
Let c(u) = 4*u**2 + 3*u + 5. Let t be c(-7). Suppose -q = 3*q - t. List the prime factors of q.
3, 5
Suppose 0 = -53*j + 12985 - 3604. What are the prime factors of j?
3, 59
Suppose 0 = 6*p + 24*p - 31020. List the prime factors of p.
2, 11, 47
Let o = 1986 + -1031. What are the prime factors of o?
5, 191
Suppose -v + 348 = 5*i - 4*i, 3*v - 3*i - 1050 = 0. Suppose -4*j = 3*r - 341, 2*j = 6*j - 5*r - v. List the prime factors of j.
2, 43
Let r(g) = 5*g**2 + 7*g - 2. List the prime factors of r(-4).
2, 5
Let q = -17 + 43. Suppose -4*n = -2*n + q. List the prime factors of n + 23 - (1 + 1).
2
Suppose 51 = 5*d - 3*r, -d + 2*r + 15 = -r. Let g(y) = -y**3 + 8*y**2 + 10*y. What are the prime factors of g(d)?
3
Let g(o) = 41*o**2 + 4*o - 28. List the prime factors of g(-6).
2, 89
Let i(u) = -u**2 + 4*u. Let p be i(6). Let c = 39 + p. Suppose -2*v - c + 71 = 0. List the prime factors of v.
2, 11
Suppose 6*p = -3 + 9. Let m be ((-3)/2 + p)*-20. Suppose 28 = c + m. List the prime factors of c.
2, 3
Suppose 4*h - 12 = 0, 3*s + 364 - 1255 = -h. List the prime factors of s.
2, 37
Let u(z) = 2*z**2 + 6*z + 2. Let n be u(-4). Suppose -n - 48 = -2*p. Let y = -10 + p. List the prime factors of y.
19
Let t(d) = d**2 + 56*d + 261. Let n be t(-5). Suppose 0 = -u - u + 2. List the prime factors of 69/n + u/(-2).
11
Let v(i) = 15*i**2 - 11*i - 35. List the prime factors of v(-5).
5, 79
Suppose 2*w = 2 - 0. Let v = 32 - 15. What are the prime factors of w*-2 + 0 + v?
3, 5
Suppose 0 = 12*i + 1385 + 1591. What are the prime factors of (0 + 12/16)/((-1)/i)?
2, 3, 31
Let o(y) = y**3 + 22*y**2. Let j be o(-22). Suppose j = -11*b + 12*b - 192. List the prime factors of b.
2, 3
Let g be (239 - (-3 + 6 + -4)) + 4. Let s = g + -11. List the prime factors of s.
233
Let h(x) = -x**3 + x**2 + x + 368. What are the prime factors of h(0)?
2, 23
Let z = 104 - -1371. List the prime factors of z.
5, 59
Let w = 189 - -804. What are the prime factors of w?
3, 331
Let n(m) = m**3 - 6*m**2 - 35*m + 6. List the prime factors of n(11).
2, 113
Let u(p) = -72*p - 3. Let c be u(2). Let q = 211 + c. List the prime factors of q.
2
Suppose 2*r + 624 = 4*d, r - 3*d - 129 = -441. Let m = r + 523. What are the prime factors of m?
211
Suppose 38*v = 35*v + 12. Let m(r) = -r**2 + 4*r - 3. Let s be m(3). Suppose s = -2*a + v*a - 86. List the prime factors of a.
43
Let z(c) = -2*c - 4. Let m be z(-10). Suppose 0 = 17*y - m*y - 92. What are the prime factors of y?
2, 23
Let m be (2/(-5))/(1/(-5)). Let z = 5 - m. Suppose 3*y + z*f = -2 + 29, -4*y - f = -30. What are the prime factors of y?
7
Let a = 17 + -12. Suppose -3*v + a = y - 2*v, -7 = -y - 3*v. Suppose 5*m - 3*x - 4 = 139, y*m = 2*x + 116. List the prime factors of m.
31
Let q(c) = -7*c + 14. Let r be q(-8). Let s = r - 8. What are the prime factors of s?
2, 31
Suppose -585 = -22*o + 13*o. What are the prime factors of o?
5, 13
Let i be 0 + ((-516)/15)/(10/(-25)). Let z(r) = -r**3 - 8*r**2 - 10. Let k be z(-8). What are the prime factors of 12/(-20) - i/k?
2
Let v be (-21)/126 + 790/(-12). Let j = v - -111. Let o = 11 + j. List the prime factors of o.
2, 7
Suppose -2*g + 4*x = -4561 + 891, -5*g + x + 9139 = 0. List the prime factors of g.
3, 7, 29
What are the prime factors of 272/(-12)*(-705)/10?
2, 17, 47
Suppose w - 6*w - 5*o = 10, -4*w + 5*o + 19 = 0. Suppose -z + 2 + w = 0. Suppose 28 = 2*l - 4*u, -z*l - 16 + 52 = -3*u. What are the prime factors of l?
2, 5
Let o(n) = -n**3 - 7*n**2 - 6*n - 6. Let u be o(-7). Let r be u/20*10/3. Suppose r + 10 = 2*a. What are the prime factors of a?
2
Suppose 45 = -3*f - 0. Let x(d) = -d + 31. List the prime factors of x(f).
2, 23
Let x = 54 - 81. Let k = x + 33. What are the prime factors of k?
2, 3
Let g = 11 + -10. Suppose 1 = -q - g. List the prime factors of ((-7)/q)/((-6)/(-12)).
7
Let f(h) = -53*h - 9. Let a be f(-6). Let z = -105 + a. List the prime factors of z.
2, 3, 17
Let w = 2404 - 871. What are the prime factors of w?
3, 7, 73
Suppose -5*r + 21 = -2*r. What are the prime factors of r?
7
Let y(f) be the second derivative of -f**3/6 - 3*f**2 - f. Let o be y(-9). Suppose -o*n = d - 65, 5*n - 2*n + 5*d = 61. What are the prime factors of n?
2, 11
What are the prime factors of 68/(-170) + (-1742)/(-5)?
2, 3, 29
List the prime factors of (-1 + 169